f 563478 and 6?
6
What is the greatest common divisor of 248976 and 728?
728
What is the highest common divisor of 796 and 33928704?
796
What is the greatest common factor of 2425302 and 162?
162
Calculate the greatest common factor of 10 and 809.
1
Calculate the greatest common divisor of 153 and 119323.
17
Calculate the highest common divisor of 11 and 397034.
11
What is the highest common divisor of 252459 and 279?
9
What is the highest common divisor of 575 and 273525?
25
What is the greatest common divisor of 790267 and 19?
19
Calculate the highest common factor of 13 and 1176253.
13
What is the highest common divisor of 68985 and 60?
15
What is the highest common divisor of 215 and 4006955?
215
Calculate the highest common divisor of 13581 and 513.
27
Calculate the greatest common factor of 371 and 345772.
371
Calculate the highest common divisor of 18923 and 7897.
149
What is the highest common factor of 252165 and 45?
15
What is the greatest common divisor of 7663 and 316?
79
Calculate the greatest common factor of 235545 and 13530.
615
What is the greatest common factor of 937335 and 1659?
1659
Calculate the greatest common factor of 6251 and 3724.
133
Calculate the greatest common divisor of 2816 and 347904.
256
What is the highest common factor of 26046 and 45?
9
Calculate the greatest common factor of 283173 and 33.
33
What is the highest common factor of 56 and 621544?
56
Calculate the highest common factor of 4448 and 320.
32
Calculate the highest common divisor of 3258 and 125976.
1086
What is the highest common divisor of 1568466 and 1422?
1422
Calculate the highest common divisor of 1489689 and 927.
927
What is the highest common divisor of 1167 and 9544893?
1167
Calculate the greatest common factor of 1284 and 8.
4
What is the greatest common divisor of 107082 and 540?
54
What is the greatest common factor of 50 and 655820?
10
What is the greatest common factor of 54 and 77796?
18
Calculate the greatest common divisor of 119413 and 1813.
49
What is the greatest common factor of 5510292 and 151?
151
Calculate the greatest common divisor of 13572 and 2718.
18
What is the highest common factor of 380 and 113300?
20
Calculate the highest common divisor of 51 and 129.
3
What is the greatest common divisor of 42 and 357168?
42
What is the greatest common factor of 1 and 104221?
1
What is the highest common divisor of 353 and 416893?
353
What is the highest common factor of 1640 and 5248?
328
What is the greatest common divisor of 62720 and 168960?
1280
Calculate the highest common divisor of 2086 and 595553.
1043
Calculate the highest common divisor of 2231 and 9913.
23
What is the greatest common factor of 7126 and 1134?
14
Calculate the highest common factor of 402 and 6021759.
201
What is the greatest common divisor of 221 and 7902739?
221
Calculate the greatest common factor of 22507 and 3170.
317
What is the greatest common divisor of 1076 and 2456?
4
Calculate the greatest common divisor of 7040350 and 100.
50
What is the greatest common divisor of 43077 and 519?
519
Calculate the greatest common divisor of 13398 and 2541.
231
Calculate the highest common factor of 1048 and 3704.
8
What is the greatest common divisor of 352485 and 2345?
35
What is the highest common factor of 347789 and 403?
403
Calculate the greatest common divisor of 322 and 8218.
14
What is the highest common divisor of 4000 and 4064?
32
Calculate the highest common divisor of 22599 and 186.
93
What is the highest common divisor of 7884 and 50078?
146
What is the highest common divisor of 459170 and 6919?
629
What is the greatest common divisor of 36 and 7794?
18
What is the greatest common factor of 22154 and 3971?
209
What is the highest common factor of 197036 and 227?
227
What is the greatest common divisor of 1244 and 2177?
311
What is the highest common factor of 1892 and 94127?
473
What is the highest common divisor of 14 and 23856?
14
Calculate the greatest common factor of 2951 and 26.
13
Calculate the greatest common factor of 6150100 and 100.
100
What is the greatest common divisor of 7018331 and 731?
731
Calculate the highest common factor of 25972 and 1376.
172
What is the greatest common factor of 16155 and 135?
45
What is the highest common divisor of 619060 and 260?
260
What is the greatest common divisor of 600 and 5925?
75
What is the highest common divisor of 344 and 2488?
8
Calculate the greatest common divisor of 6 and 9944.
2
Calculate the highest common factor of 992 and 26040.
248
Calculate the greatest common factor of 2730 and 9210.
30
Calculate the highest common divisor of 128 and 46928.
16
What is the greatest common divisor of 243 and 22266?
9
Calculate the highest common factor of 912 and 79458.
114
Calculate the greatest common divisor of 26 and 602563.
13
Calculate the greatest common divisor of 9030 and 212334.
258
What is the highest common divisor of 24 and 1177912?
8
What is the greatest common factor of 8613 and 29997?
297
Calculate the highest common factor of 63392 and 98.
14
What is the greatest common divisor of 616 and 27895?
7
What is the highest common divisor of 104 and 113800?
8
Calculate the highest common factor of 32598 and 5706.
18
What is the greatest common factor of 88720 and 16?
16
Calculate the highest common factor of 209 and 26581.
19
Calculate the greatest common factor of 650 and 23950.
50
What is the highest common divisor of 174 and 205494?
174
What is the greatest common divisor of 206 and 22248?
206
What is the greatest common divisor of 1302 and 5844678?
1302
Calculate the highest common divisor of 5146 and 58432.
166
What is the highest common factor of 771 and 46003?
257
What is the greatest common divisor of 98 and 54586?
98
Calculate the greatest common divisor of 70322 and 154.
14
Calculate the highest common factor of 1729 and 74081.
133
Calculate the greatest common factor of 16 and 309704.
8
What is the greatest common divisor of 9275 and 11795?
35
Calculate the highest common factor of 19234225 and 17.
17
Calculate the greatest common divisor of 336322 and 728.
14
Calculate the greatest common factor of 1924 and 20384.
52
Calculate the highest common divisor of 1788 and 283398.
894
Calculate the highest common divisor of 63 and 24591.
21
Calculate the greatest common divisor of 214 and 418049.
107
Calculate the greatest common factor of 342 and 1194036.
114
What is the highest common divisor of 1763 and 2952?
41
What is the greatest common factor of 1614139 and 62?
31
What is the greatest common factor of 6264 and 870?
174
Calculate the greatest common factor of 160 and 7560.
40
Calculate the highest common factor of 1105 and 15691.
221
Calculate the greatest common factor of 3564 and 24.
12
What is the greatest common factor of 9837 and 9?
9
What is the greatest common divisor of 378 and 7074?
54
Calculate the greatest common factor of 3832 and 20.
4
Calculate the highest common factor of 3824 and 416577.
239
What is the highest common divisor of 250 and 229280?
10
What is the highest common divisor of 648 and 10017?
27
What is the highest common divisor of 532545 and 455?
65
Calculate the highest common factor of 1016 and 308356.
508
What is the greatest common factor of 265 and 120?
5
Calculate the highest common divisor of 49506 and 147849.
669
What is the greatest common factor of 2695 and 2905?
35
Calculate the highest common factor of 90 and 414540.
90
What is the greatest common factor of 20 and 367955?
5
What is the highest common divisor of 496 and 93713?
31
Calculate the highest common divisor of 23212 and 392.
28
What is the highest common divisor of 239056 and 2546?
134
What is the greatest common factor of 99 and 2280300?
33
Calculate the highest common divisor of 233 and 229.
1
What is the greatest common divisor of 30530 and 8858?
86
What is the highest common divisor of 372 and 256556?
124
Calculate the greatest common divisor of 9824204 and 52.
52
What is the highest common divisor of 4610 and 1660?
10
Calculate the greatest common factor of 5026 and 700.
14
What is the highest common divisor of 143 and 81653?
143
What is the greatest common factor of 8 and 273004?
4
What is the highest common divisor of 3417 and 38659?
67
Calculate the highest common divisor o